Is r/(-3) - (-206)/6 prime?
False
Let w(d) = d**2 - 2. Let j be w(2). Let r = 60 - j. Is r a composite number?
True
Suppose -3*q = 32 + 91. Let a = 65 - q. Is a a composite number?
True
Is ((-6)/(-4) - 2)/(1/(-11278)) a prime number?
True
Suppose 482 = 5*v - 973. Is v prime?
False
Is 25 - (-12)/(-1 - 3) composite?
True
Suppose 5*b - 4161 = 2834. Is b a composite number?
False
Let a be -2*(2 - 3) - 0. Suppose -3*c = -2*z - 115, 25 = a*c - c + 2*z. Is c a prime number?
False
Suppose 6*o = -0*o + 258. Is o prime?
True
Let a(y) = -y**2 - 6*y - 3. Let g be a(-11). Is (g/8)/((-1)/8) prime?
False
Suppose 6*u + 2*w = 4*u + 2, -1 = u + 3*w. Suppose 2*p = 3*p - u. Suppose 3*c = 3*b + 258, 0*c = p*c + b - 187. Is c prime?
False
Suppose -7*l + 2*l = -925. Is l a prime number?
False
Let m be 90/(-12)*4/(-6). Suppose b + m*u = 342, -2*u + 5 = -3*u. Suppose -j = 5*o - 32 - b, -3*j = 2*o - 170. Is o a composite number?
False
Let r(k) = -51*k + 11. Is r(-10) a prime number?
True
Suppose -4*l - 1021 = -44897. Is l composite?
True
Let p = -154 - -315. Let t = p + -55. Is t a prime number?
False
Let g = 6 - 6. Suppose g = 4*w - 55 - 93. Is w a composite number?
False
Let g = -3 + 3. Suppose 4*q = -3*u + 284, -2*u + g*u + 214 = 3*q. Is q a prime number?
False
Let x(r) = r**2 + 5*r - 7. Is x(7) a prime number?
False
Let i(y) = -y**2 + 20*y - 5. Is i(17) prime?
False
Let s be (-10)/(-2 - (-1 - -1)). Suppose 2*z + 3*j + 25 = 7*z, 0 = -z - 2*j + s. Suppose -4*r = -2*c + 130, 3*r = -z*c + r + 289. Is c prime?
True
Suppose 5*q - k - 21 = 0, -14 = -3*q + k + k. Suppose m + q*m - 1335 = 0. Is m a composite number?
True
Suppose 95 = 4*s + s. Is s prime?
True
Let q = 5793 + -3052. Is q prime?
True
Let i = 689 - 440. Is i a composite number?
True
Is ((-2)/4)/(21/(-14))*393 prime?
True
Suppose 0 = -56*a + 60*a - 5036. Is a composite?
False
Let r(o) = 31*o**2 + 3*o + 1. Is r(4) a prime number?
True
Let z = -1 - -3. Suppose -z*l + 44 = -2. Is l a prime number?
True
Suppose 408 = 2*s - 3*o - 54, 0 = -5*o - 10. Let p = s + -106. Is p prime?
False
Suppose 2*b + n - 12 = 0, -2 - 10 = -4*b + n. Suppose -8 = 6*k - 2*k + b*l, 2*k + 12 = -4*l. Suppose 0 = -k*v - 2, -4*v - 9 + 28 = g. Is g a prime number?
True
Suppose -5*f + 17 + 3 = 3*y, 2*f = -3*y + 8. Suppose 3*z + 2*r - 61 - 42 = y, -5*z + 3*r + 178 = 0. Is z composite?
True
Suppose 3*y + 2*c + 1123 = 4*y, -3*c = y - 1123. Is y composite?
False
Let j(c) = c**2 + 7*c - 1. Is j(28) prime?
False
Suppose -216 = -2*w + 5*o, 0 = w - 0*w - 5*o - 103. Is w prime?
True
Suppose 4*y + 0*y = 4*q - 2540, 5*y + 1270 = 2*q. Is q composite?
True
Let h(y) = -y**2 + 8*y - 9. Let w be h(6). Suppose -555 = w*a - 6*a. Is a a prime number?
False
Let t(b) = b**3 + 7*b**2 + 7*b + 1. Let n be t(-5). Suppose 5*r + 2*o = r + 444, -4*o - n = 0. Is r prime?
True
Suppose 5*d = -0*d + 1945. Is d a prime number?
True
Let q(m) be the second derivative of -m**3/2 - 3*m**2 + 2*m. Let x be q(5). Let r = x - -35. Is r prime?
False
Let c(g) = -g**3 + 7*g**2 - g + 9. Let a be c(7). Suppose 21 - 9 = -a*p. Is 2/p + (-536)/(-6) composite?
False
Is (1 + 1)/(47826/(-6834) + 7) composite?
True
Is (84/30)/((-2)/(-95)) composite?
True
Suppose 5*b - 4*v - 145 + 35 = 0, -38 = -b + 4*v. Suppose -i + 12 = -l - b, -5*l = i - 54. Is i a composite number?
True
Let s be (-4)/(-10) - (-4)/(-10). Is -28*(3/(-6) + s) composite?
True
Suppose 0 = -3*j, -4*v + v - 4*j + 231 = 0. Is v prime?
False
Let z(y) = -y**3 + 4*y**2 + 6*y + 4. Let r be z(5). Suppose r - 180 = -3*q. Is q composite?
True
Let b be (-4)/(-22) - 456/(-33). Let u = b + -4. Is u a composite number?
True
Suppose 8 = -2*n + 3*c - 3, c + 3 = -n. Suppose -228 = o + 2*o - 3*l, -2*o - 3*l = 172. Is ((-19)/(-4))/(n/o) prime?
False
Let c be 6 + 1/(-1 + 0). Suppose 3*t = c*a - 138, -a - 85 = -4*a + 4*t. Let d = a + 4. Is d a prime number?
True
Suppose 54 = -l - 15. Let t = l - -134. Is t a prime number?
False
Let k(i) = i + 13. Let n be k(-9). Suppose -n*o + 339 = 5*t, -t - 4 = 1. Is o a composite number?
True
Suppose -3*b = -l + 9, -12 = 6*l - l + 4*b. Suppose l*z - 2*z + 586 = 0. Is z composite?
False
Let j(a) be the third derivative of a**5/20 + a**4/6 - a**3/6 - a**2. Suppose -5*y + 26 = -t, -t = -0*t - 4. Is j(y) composite?
False
Let h = -121 + 1602. Is h a prime number?
True
Let j = 4 + -4. Is (j - 1) + (-7)/(-1) composite?
True
Let w be 14*1/6*3. Is (8/4)/(1/w) composite?
True
Suppose 565 = i - 4*j - 872, -5*j = -5. Is i a composite number?
True
Let z(j) = 1 + 84*j - 2 + 0. Let d = 1 + 4. Is z(d) a prime number?
True
Suppose 4*u = 4*x + 292, 4*u + 156 = -x + 463. Let c = 9 + u. Is c composite?
True
Let d be 2 + -3 + 0 + 39. Suppose -5*m = 4*y - d, 3*y + y - 2*m = 24. Is y a composite number?
False
Let y = 3 - 2. Let m be ((-6)/10)/(y/(-5)). Suppose -3*z - m*n = -111, -z - 4*n + 113 = 2*z. Is z a prime number?
False
Let q(n) = n - 1. Let c be q(7). Suppose 3*p - 30 = 3*z, c*z - 2*z = 5*p - 51. Is p composite?
False
Let i be 9/(-6) + (-9)/6. Is (2/i)/((-2)/159) composite?
False
Suppose -4*r + 1107 = f + 153, -2*r = -5*f + 4792. Is f prime?
False
Let s be 466/(-8) + 2/8. Let t = -35 - s. Is t prime?
True
Suppose 5*w - 824 = 336. Let g = -153 + w. Is g prime?
True
Let y(r) be the third derivative of -r**6/60 + r**4/24 + r**3/2 + r**2. Let k(h) = h - 1. Let u be k(-3). Is y(u) a prime number?
True
Suppose p - 72 = 5*p. Is 7*2*(-261)/p prime?
False
Let t = 1304 - 906. Let q = t + -575. Is q/(-7) + (-2)/7 composite?
True
Suppose 6*l - 826 - 3392 = 0. Is l prime?
False
Suppose -3*z - 152 = 4*o, 2*z = -4*o - 0*z - 148. Let w be -26*(-1 + o/2). Let b = w - 320. Is b prime?
False
Let b be 5/(-2)*(-12)/(-15). Let n(d) = 18*d**2 - 4*d - 3. Is n(b) a prime number?
False
Let m be 5 - (1 - 7)/(-3). Suppose 3*d - 18 = 3*n, -m*d = -4*d + 3*n + 10. Suppose -3*c - 8 = -d*x - 51, c = 5*x - 4. Is c prime?
False
Let s be (-28)/8*12/(-2). Let j be (0 + 6)*(-7)/s. Is 1/(3/(-474)*j) prime?
True
Suppose 4*k - 4139 = 2105. Is k a prime number?
False
Let a(g) be the first derivative of 13*g**5/30 - g**4/24 - 2*g**3/3 - 1. Let j(q) be the third derivative of a(q). Is j(1) prime?
False
Let p be ((-15)/(-25))/((-3)/(-30)). Let o(m) = 21*m**2 + 7*m - 1. Is o(p) composite?
False
Suppose -52 = 2*k - 4*k. Is k a prime number?
False
Suppose 670 = a - 2*a. Let r = 1587 + a. Is r a prime number?
False
Let x(v) = -8*v + 32*v - 18 + 23. Let p be x(6). Suppose -6*q + 4*d = -3*q - p, 0 = 3*d - 3. Is q a composite number?
True
Let q be -3 + (-3 - 8*-15). Suppose -t - 330 = -m - 4*m, 2*m - 4*t - q = 0. Is m a prime number?
True
Suppose 0 = 2*x - 66 - 896. Is x prime?
False
Is 517/7 - (-4)/28 prime?
False
Let o = 10 - 0. Let c = o - -56. Suppose -n + 4*n - c = 0. Is n prime?
False
Suppose -j + 2 = -l - 5, -22 = -4*j + 2*l. Is -2*j/4 + 165 a prime number?
True
Suppose 2*c - 61 = -3*c + 2*q, -3*c - 3*q = -45. Suppose u - c = -0*u. Suppose -k = -0*k - u. Is k a prime number?
True
Let m(t) = -3*t**3 - 3*t**2 - 2*t - 1. Let x be m(-2). Suppose 5*i + v + 11 = 2*v, x = -i - 3*v. Is -2 - (-2 - (-201)/i) a prime number?
True
Let d(o) = 2971*o**2 + 1. Let p be d(1). Suppose -6*t + 2*t = -p. Is t composite?
False
Let l = -200 + 533. Let f = l - 214. Is f a prime number?
False
Let i be 5 - 3 - -200 - 2. Suppose -5*l = -30 - i. Is l a prime number?
False
Let f(h) be the second derivative of 2*h**3 - 25*h**2/2 + 3*h. Is f(18) a composite number?
False
Suppose 15*k = 20421 + 3354. Is k a composite number?
True
Let w(h) = -65*h. Let q be 1*(-3)/((-12)/(-4)). Is w(q) a composite number?
True
Is (0 - 1)/(1 + 4200/(-4198)) prime?
True
Let x(u) = u**3 - 7*u**2 + 14*u + 9. Is x(10) composite?
False
Let y = 19 + -44. Suppose r + 182 = 3*x, 5*x - 4*x - r = 58. Let p = x + y. Is p composite?
False
Let r = -112 - 36. Let d = -69 - r. Is d a prime number?
True
Let t(a) be the first derivative of 2*a**3 + 2*a**2 + 3*a - 1. Is t(-2) prime?
True
Is 4/(-10) + (-74340)/(-100) a prime number?
True
Let a = 335 - -72. Is a composite?
True
Let k = -1172 - -2091. Is k composite?
False
Let k(o) = 21535*o + 295. Let n(d) = -291*d - 4. Let i(v) = -4*k(v) - 295*n(v). Let z be i(-1). Suppose 6*q = q + z. Is q prime?
True
Let j(v) = 213*v + 4. Is j(6) a prime number?
False
Let q = 2 - 0. Suppose 0 + q = -y. Is